n thousands digit of 89518437?
1
What is the thousands digit of 526232609?
2
What is the hundreds digit of 526945018?
0
What is the units digit of 1170169471?
1
What is the ten thousands digit of 113465933?
6
What is the tens digit of 176702766?
6
What is the hundred thousands digit of 30066157?
0
What is the millions digit of 19106209?
9
What is the hundreds digit of 3705534?
5
What is the hundred thousands digit of 2938009163?
0
What is the thousands digit of 124671234?
1
What is the hundreds digit of 307251836?
8
What is the hundreds digit of 254937151?
1
What is the millions digit of 1676138926?
6
What is the hundred millions digit of 123432044?
1
What is the millions digit of 12795972?
2
What is the ten thousands digit of 421737983?
3
What is the tens digit of 37193352?
5
What is the units digit of 331103110?
0
What is the hundred millions digit of 332177253?
3
What is the units digit of 195153988?
8
What is the hundreds digit of 6350236964?
9
What is the hundred millions digit of 487147381?
4
What is the millions digit of 1900324445?
0
What is the units digit of 77052750?
0
What is the units digit of 27376944?
4
What is the ten millions digit of 131462886?
3
What is the millions digit of 350774593?
0
What is the millions digit of 351304842?
1
What is the billions digit of 2141748463?
2
What is the hundred thousands digit of 1389446168?
4
What is the ten millions digit of 37115892?
3
What is the hundred thousands digit of 594219388?
2
What is the millions digit of 174263423?
4
What is the thousands digit of 32408269?
8
What is the tens digit of 14308791?
9
What is the thousands digit of 36911977?
1
What is the hundred millions digit of 331444718?
3
What is the thousands digit of 740328819?
8
What is the ten thousands digit of 12181637?
8
What is the hundred thousands digit of 231315828?
3
What is the ten thousands digit of 3642175738?
7
What is the millions digit of 14536035?
4
What is the ten millions digit of 57642012?
5
What is the hundreds digit of 4410019655?
6
What is the tens digit of 113438945?
4
What is the ten millions digit of 97118208?
9
What is the tens digit of 2322934?
3
What is the units digit of 173156647?
7
What is the ten millions digit of 16151580?
1
What is the hundred millions digit of 441675784?
4
What is the hundred thousands digit of 5816924?
8
What is the millions digit of 2375734987?
5
What is the thousands digit of 61066190?
6
What is the millions digit of 31725883?
1
What is the ten thousands digit of 70291086?
9
What is the millions digit of 731409729?
1
What is the units digit of 97601323?
3
What is the tens digit of 1512231947?
4
What is the hundreds digit of 47870818?
8
What is the tens digit of 1879088482?
8
What is the hundred thousands digit of 2056186021?
1
What is the ten millions digit of 31451504?
3
What is the ten millions digit of 232084829?
3
What is the millions digit of 28345631?
8
What is the tens digit of 62448116?
1
What is the hundreds digit of 138819021?
0
What is the tens digit of 26069080?
8
What is the units digit of 14259334?
4
What is the tens digit of 967915848?
4
What is the ten millions digit of 320924844?
2
What is the units digit of 102236113?
3
What is the ten thousands digit of 1069078269?
7
What is the hundred thousands digit of 47926104?
9
What is the ten thousands digit of 3448670223?
7
What is the thousands digit of 74076645?
6
What is the thousands digit of 6862229?
2
What is the ten millions digit of 80034559?
8
What is the hundred millions digit of 3383236572?
3
What is the ten thousands digit of 824758078?
5
What is the thousands digit of 202159106?
9
What is the millions digit of 1479800723?
9
What is the units digit of 41904096?
6
What is the ten millions digit of 207422227?
0
What is the hundreds digit of 1067932481?
4
What is the ten thousands digit of 27137469?
3
What is the hundreds digit of 23145888?
8
What is the tens digit of 617580131?
3
What is the ten millions digit of 129683422?
2
What is the thousands digit of 18834872?
4
What is the thousands digit of 823498667?
8
What is the units digit of 1108109903?
3
What is the hundred thousands digit of 5596719692?
7
What is the thousands digit of 110680959?
0
What is the thousands digit of 450205197?
5
What is the thousands digit of 447190957?
0
What is the thousands digit of 4496278897?
8
What is the ten thousands digit of 11836081?
3
What is the units digit of 5625974908?
8
What is the ten thousands digit of 3325618623?
1
What is the hundreds digit of 389218056?
0
What is the units digit of 63252424?
4
What is the ten millions digit of 1165108433?
6
What is the ten thousands digit of 2330519483?
1
What is the hundred thousands digit of 5035979838?
9
What is the ten thousands digit of 226870926?
7
What is the hundred thousands digit of 1312491096?
4
What is the tens digit of 80724722?
2
What is the tens digit of 171491466?
6
What is the hundred thousands digit of 5390838023?
8
What is the millions digit of 729166739?
9
What is the units digit of 273745842?
2
What is the millions digit of 286505815?
6
What is the hundred thousands digit of 1968074551?
0
What is the ten thousands digit of 14916504?
1
What is the tens digit of 53721026?
2
What is the units digit of 4658754?
4
What is the millions digit of 361975536?
1
What is the hundred millions digit of 168871648?
1
What is the hundreds digit of 167776795?
7
What is the billions digit of 3453065526?
3
What is the ten millions digit of 4404651941?
0
What is the hundreds digit of 65407172?
1
What is the thousands digit of 977727969?
7
What is the units digit of 1975583785?
5
What is the hundreds digit of 218934262?
2
What is the hundred millions digit of 1762242812?
7
What is the hundreds digit of 2415232?
2
What is the ten thousands digit of 182809598?
0
What is the hundreds digit of 1025803594?
5
What is the ten thousands digit of 138813256?
1
What is the ten thousands digit of 662335381?
3
What is the hundreds digit of 1855083186?
1
What is the ten millions digit of 522798081?
2
What is the ten thousands digit of 37717114?
1
What is the billions digit of 1106077623?
1
What is the units digit of 320569599?
9
What is the ten thousands digit of 223606997?
0
What is the ten thousands digit of 13018211?
1
What is the millions digit of 6427550773?
7
What is the ten thousands digit of 125527096?
2
What is the tens digit of 463567528?
2
What is the millions digit of 55674527?
5
What is the hundred thousands digit of 251242200?
2
What is the hundreds digit of 69268935?
9
What is the hundred thousands digit of 582274973?
2
What is the ten millions digit of 76348579?
7
What is the ten thousands digit of 2704284900?
8
What is the ten thousands digit of 22285276?
8
What is the tens digit of 28198363?
6
What is the hundred thousands digit of 23926068?
9
What is the ten millions digit of 1503212243?
0
What is the millions digit of 288642979?
8
What is the hundred thousands digit of 16244266?
2
What is the units digit of 384387241?
1
What is the hundred thousands digit of 12640414?
6
What is the millions digit of 1179735992?
9
What is the hundreds digit of 50813290?
2
What is the hundreds digit of 35029730?
7
What is the ten thousands digit of 772215745?
1
What is the thousands digit of 45568333?
8
What is the hundreds digit of 1254890?
8
What is the hundreds digit of 58872610?
6
What is the thousands digit of 2246996721?
6
What is the hundred thousands digit of 3597277039?
2
What is the hundred millions digit of 5885294518?
8
What is the millions digit of 7164820717?
4
What is the thousands digit of 40875075?
5
What is the millions digit of 3949141072?
9
What is the thousands digit of 3640933088?
3
What is the ten millions digit of 494719631?
9
What is the ten millions digit of 23747701?
2
What is the hundred millions digit of 384299480?
3
What is the billions digit of 3081984577?
3
What is the ten millions digit of 361466197?
6
What is the ten millions digit of 1302246480?
0
What is the ten millions digit of 406540372?
0
What is the hundreds digit of 470880743?
7
What is the thousands digit of 7576807171?
7
What is the ten thousands digit of 6931309?
3
What is the hundred thousands digit of 5710773332?
7
What is the ten millions digit of 39940592?
3
What is the units digit